 divisor of k and p.
2
Let c = 9 + -5. Suppose 5*v - 30 = -5*r, -r - c*r = -3*v - 14. Suppose -p - v*b + 7*b = 2, -106 = -5*p - 4*b. Calculate the highest common factor of p and 90.
18
Suppose -188 = -4*w + 100. Let z(b) = -b**3 + 4*b**2 + 4*b - 3. Let t be z(3). What is the highest common divisor of t and w?
18
Let x be (-252)/(-12) - 9 - -8. Calculate the greatest common factor of x and 295.
5
Suppose 16*s + 7 - 135 = 0. What is the highest common factor of 32 and s?
8
Suppose 36*g - 94 - 3650 = 0. What is the highest common factor of 39 and g?
13
Suppose -25235 = -64*c + 2925. Calculate the greatest common divisor of 40 and c.
40
Let p = 9 + 19. Let i(t) = 2*t - p - 3*t + 29. Let g be i(-2). What is the highest common factor of 1 and g?
1
Let u(p) = -6*p - 15. Let b be u(4). Let j = -38 - b. What is the greatest common divisor of 2 and j?
1
Suppose 6*l - 218 = -2*g + 2*l, 3*g - 3*l - 282 = 0. Calculate the greatest common factor of 9 and g.
9
Suppose -3*z = -697 + 184. What is the greatest common factor of z and 114?
57
Suppose 9*z + 4*z = 39. Suppose 2*s = s. Suppose s = -v - v + 42. Calculate the greatest common divisor of z and v.
3
Let a = 291 + -35. What is the highest common divisor of 16 and a?
16
Suppose -3*p = -6 - 3. Let d(t) = 2*t - 12. Let b be d(9). Suppose b*l = p*l + 78. Calculate the greatest common factor of 13 and l.
13
Let k(h) = -4*h + 74. Let r be k(17). Calculate the greatest common factor of 3 and r.
3
Let f(b) = b**3 - 10*b**2 - 5*b + 54. Let n be f(10). Suppose n*r - 248 = 136. Calculate the highest common divisor of 64 and r.
32
Let o be ((-12)/15)/((-1)/5). Suppose 2 = o*m - 138. Suppose 4*v = -4*u + u + m, 3*v = -u + 30. What is the greatest common divisor of 22 and v?
11
Suppose f = 4*z + 4, 4*f - 17 = -1. Suppose z*n = 3*n. Suppose n = 5*s - 33 - 342. What is the highest common divisor of 50 and s?
25
Suppose -l - 95 = -5*i, 3*i - l + 4*l = 39. Let s = -140 - -284. Calculate the greatest common factor of i and s.
18
Suppose 132 = 5*r - r. Let u = r - -33. Calculate the greatest common divisor of 6 and u.
6
Suppose 2*x = -3*h + 5*x + 57, 23 = h - 2*x. Suppose 8*w - h = 3*w. Let d(o) = 13*o - 7. Let n be d(w). Calculate the greatest common factor of n and 4.
4
Let h(i) = -12*i**3 - 4*i**2 - 28*i - 40. Let l be h(-5). Calculate the highest common factor of l and 24.
12
Let l = 27 - -285. Calculate the highest common divisor of l and 39.
39
Suppose -5*a + 6*a = 172. Let b be a/(-6)*36/8. Let d = 229 + b. What is the greatest common factor of 40 and d?
20
Let d = 1445 - 1121. Calculate the greatest common divisor of 4 and d.
4
Let g be (46/184)/(3/72). What is the highest common factor of g and 354?
6
Let p(t) = -24*t + 34. Let k be p(-5). What is the highest common factor of 42 and k?
14
Let y = 26 + 2. Calculate the highest common factor of y and 616.
28
Suppose 0 = 3*r + 2*t - 14, t = -1 + 2. Suppose -2*p - 5*f + 22 = 0, -2*f = -r*p - 1 - 3. What is the greatest common factor of p and 11?
1
Suppose 4*t + 16 = -2*d, -4*t = -5*d - t + 25. Suppose -3*j - 4*m = -140, 0 = -d*j - 0*m - 2*m + 94. What is the highest common divisor of 6 and j?
6
Let b(a) = 14*a + 103. Let w be b(-2). Calculate the greatest common divisor of w and 18.
3
Let l be (0 + -16)*(-6)/8. Let p(r) = -r**3 - 12*r**2 - 44*r - 45. Let s be p(-9). What is the greatest common divisor of s and l?
12
Let h(x) = 15*x - 2. Let w be h(6). Let p be (-3)/(-1)*w/6. Let t be (-5)/1 - (-40 + 24). What is the highest common factor of p and t?
11
Let i = -2 - -7. Let t(c) = 4*c - 5. Let p be t(i). Let w = 385 + -220. What is the highest common factor of w and p?
15
Let j = 472 - 423. What is the greatest common divisor of j and 49?
49
Let h be -11 + 15 - (-1 - 40). Let c = -40 + h. Calculate the greatest common factor of 1 and c.
1
Let k(o) = -4*o - 2. Suppose -x = 2*u + 13, -3*x - u - 14 = -0*x. Let h be k(x). Let j be -6*(-1)/(-3)*-2. Calculate the highest common factor of h and j.
2
Let a be 16/6*(-9)/3. Let v = a - -11. Suppose 132 = s + v*y, 2*y = 3*s - y - 348. Calculate the highest common divisor of 15 and s.
15
Let a be (-94)/(-8) - (4 + 78/(-24)). Let m = -110 - -154. What is the highest common factor of a and m?
11
Let s(l) = -6*l - 4. Let b = -2 + -8. Let h be s(b). What is the highest common divisor of h and 14?
14
Let c be 16/(-5)*(-2160)/32. What is the highest common factor of c and 24?
24
Let l = -7 - -20. Let r = 6 - -12. Let p = r + 8. Calculate the greatest common divisor of p and l.
13
Suppose -100 + 204 = p. Calculate the greatest common factor of 338 and p.
26
Let y = 163 + -291. Let t = 129 + y. What is the greatest common factor of 16 and t?
1
Suppose -4*z + 3*r = -8*z + 38, 10 = z + r. Suppose -7*i - z + 50 = 0. Calculate the highest common factor of i and 2.
2
Let l be 2 - (-6)/(2/1). Suppose 0 = -3*z - 4*u + 17, -7*u + 2*u = l. What is the highest common divisor of z and 56?
7
Let t be (1 + 1018/(-6))/((-38)/57). What is the greatest common divisor of 11 and t?
11
Let v be -21*(6/9 + -1). Let i be (-4 - (-28)/5)*-5. Let z be (i/(-10))/(16/280). What is the greatest common factor of z and v?
7
Suppose 0 = 2*c + 19 - 29. Suppose -5*a + 0 = -c, 4*a - 22 = -3*k. Suppose 3*b - 144 = 4*i, 0*b + 4*i = -b + 48. What is the highest common divisor of b and k?
6
Suppose 23*g - 19*g - 176 = 0. What is the greatest common divisor of g and 88?
44
Let t be (-10)/15 - 10/(-6). Let p be (-10 + -70)*(0 - t). Suppose -m + 32 = -p. Calculate the highest common factor of 16 and m.
16
Suppose 3*z + 124 = 406. Let g = z + -50. What is the highest common divisor of g and 11?
11
Let q(d) = d**2 + 20*d - 213. Let y be q(13). Calculate the highest common factor of 288 and y.
72
Let t be (-2)/10 + (-513)/(-15). Suppose -550 = 18*o - 2998. Calculate the greatest common factor of t and o.
34
Let f be (-2)/11 + 55452/66. What is the greatest common divisor of f and 24?
24
Suppose 2*p + 60 = 4. Let u be -3 + ((-4)/4 - p). Let h be (-2)/(-6) - (-88)/u. Calculate the highest common factor of 36 and h.
4
Let n be (-70)/4*14/7*-1. Let m = 3 - -8. Suppose -3*c + 31 = -m. What is the greatest common factor of n and c?
7
Let o(l) = 2*l**3 + 55*l**2 - 28*l + 51. Let f be o(-28). What is the highest common factor of 85 and f?
17
Let w be ((-600)/(-90))/(2/195). Calculate the highest common factor of 26 and w.
26
Suppose -14 = -4*h + 2. Suppose 4*u + 5*o - 183 = 0, -2*o + 3*o + 5 = 0. Suppose 0 = -h*c - 12 + u. Calculate the greatest common divisor of 15 and c.
5
Let x = 93 - 89. Suppose -x*g + 186 = 2*g. What is the highest common divisor of 124 and g?
31
Let n = -1139 - -1172. What is the greatest common factor of 869 and n?
11
Let p(w) = w**2 + 4*w + 2. Let l be p(-5). Suppose 328 = 3*h - 587. Suppose 0 = m - 2, 6*m + h = 5*f + m. Calculate the greatest common factor of l and f.
7
Let s be (-51156)/(-66) - ((-12)/(-33))/4. What is the highest common divisor of 25 and s?
25
Suppose -4*i = 2*a - 38, 3*i - 5*i + 31 = -3*a. Let p be 6/(-8) - (-90)/(-8). Let w be (-789)/p + (-1)/(-4). Calculate the highest common factor of i and w.
11
Suppose v - 32 = -3*v. Suppose i + v = -4. Let b be (i + 6)*(-11)/3. What is the greatest common divisor of b and 242?
22
Let p(h) = h**2 - 4*h + 3. Suppose 24 = 12*d - 36. Let k be p(d). Let x be (-6)/(-21) + (-892)/(-14). Calculate the highest common divisor of x and k.
8
Let k(h) = 2*h**2 - 13*h + 9. Suppose 4*w = -4*y + 52, -w + 4*w = 3*y + 15. Let q be k(w). What is the highest common factor of 36 and q?
18
Let m be 80/(-14) - (-2)/(-7). Let i = 11 + m. Let y = 880 - 840. Calculate the highest common divisor of y and i.
5
Let a(k) = 27*k + 47. Let c be a(-1). What is the greatest common factor of 55 and c?
5
Let q be 15*5*(-26)/(-325). Suppose -s = -4*t - 6*s + 216, 4*s + 270 = 5*t. What is the highest common divisor of t and q?
6
Suppose 4 = -2*q + 4*q. Let l be 21/(0 + -1 + q). Suppose -44*x + 262 + 662 = 0. What is the highest common divisor of l and x?
21
Let c be (-18 - (-8 - 1)) + 14. Suppose -5*m = 2*b - 50, -4*b - 2*m = b - 125. What is the greatest common divisor of c and b?
5
Let p = -5 - -7. Let o(w) = -w. Let c(f) = -4*f - 2. Let n(s) = -c(s) + 3*o(s). Let l be n(4). Calculate the highest common factor of p and l.
2
Let o = 45 +